. Let m be l(6). Let u = -3 + m. List the prime factors of u.
11
Let s be 13/3 + (-1)/3. Suppose 5 = s*c + 17. What are the prime factors of c/(((-3)/(-3))/(-3))?
3
Let h(k) = k. Let o(l) = 4*l + 1. Let t(u) = 3*h(u) - o(u). Let q(d) = 6*d**3 - d**2. Let a be q(-1). What are the prime factors of t(a)?
2, 3
Let x(l) = -2*l - 2. Let s be x(-2). Suppose 0 = t - s*t + 15. What are the prime factors of (12/t)/(2/25)?
2, 5
Let f(x) = -x**2 - x + 1. Let k(a) = a**2 + 3*a - 3. Let z(v) = 2*f(v) + k(v). Let h(o) be the first derivative of z(o). What are the prime factors of h(-1)?
3
Let v(x) = -5*x**2 - 3*x + 12. Let q(z) = -2*z**2 - 2*z + 6. Let y(n) = 7*q(n) - 3*v(n). List the prime factors of y(5).
2, 3
Let k(q) = -q**3 - q**2 - q + 26. List the prime factors of k(0).
2, 13
Let k be 2*(-1 + (1 - 1)). Let t be k/7 - (-16)/7. Suppose 4*u + 4*z - 16 = 0, -4*u + t*z - 19 = -65. What are the prime factors of u?
3
What are the prime factors of (-381)/(-15) - 15/(-25)?
2, 13
Suppose -27 = -2*p + r, 6*r - 17 = -p + 3*r. List the prime factors of p.
2, 7
Suppose 0 = -4*a - g + 34, -3*g - 2 = -4*g. Let j = 16 - a. List the prime factors of j.
2
Suppose 3*w - 100 = -5*x, 2*x + w + 1 - 41 = 0. What are the prime factors of x?
2, 5
Suppose 2*l - 2*y = 80 - 12, -116 = -4*l - y. List the prime factors of l.
2, 3, 5
Let n(b) = 8*b**3 - b**2 - 4*b + 3. What are the prime factors of n(2)?
5, 11
Suppose x - 3 = 5*b - 7, 2*b - x = 4. Suppose b = l + 2*l - 54. What are the prime factors of (-3)/l - 31/(-6)?
5
Let n = -11 + 40. What are the prime factors of n?
29
Let w(o) = o - 2. Let t be w(2). Suppose -4*z + 55 + 57 = t. List the prime factors of z.
2, 7
Let h(a) = 5*a + 2*a**2 - 5*a + 8*a + 4 + 1. What are the prime factors of h(-5)?
3, 5
Suppose 5*s - 6 = 2*b, 4*b + 3 = 4*s + 3*b. Suppose -4*p + p - 6 = s. List the prime factors of 1 + 30/(-4)*p.
2
Let u = 11 + -15. What are the prime factors of 4 + (-184)/(u - 0)?
2, 5
Let f be -1*4*(-65)/(-52). List the prime factors of 2390/50 - 1/f.
2, 3
Let t = 15 + 28. Suppose -4*g + 17 + t = 0. List the prime factors of g.
3, 5
Suppose 0 = -0*x - 2*x + 60. Suppose -5*f + 7 = 4*i - x, 9 = 3*f - 2*i. List the prime factors of f.
5
Let t(x) = -x**3 + 7*x**2 - 8*x + 4. Let c be t(5). Suppose 18 = n - c. Suppose -4*z + n = 5*v + 9, -5*v = -3*z - 9. What are the prime factors of z?
2
What are the prime factors of 64/(-6)*9/(-4)?
2, 3
Let v(n) = -23*n - 4. Let o(r) = -8*r - 1. Let s(m) = -11*o(m) + 4*v(m). Let x(l) = 2*l**3 + 2*l**2 - 3*l - 2. Let f be x(-2). List the prime factors of s(f).
11
Let l(b) = -b**3 - b**2 + b - 1. Let a(i) = 2*i**3 + 7*i**2 + 9. Let y(n) = a(n) + 3*l(n). Let u be y(5). Let p = -1 - u. List the prime factors of p.
3
Let n(d) = -d**2 - 3*d - 4. Let x be n(-5). List the prime factors of x/(-2)*60/35.
2, 3
Suppose 5*d + 586 = 3*y + 3*d, 3*d - 408 = -2*y. What are the prime factors of y?
2, 3, 11
Let v = 41 + -26. Let b = v - 10. Suppose b + 8 = o. List the prime factors of o.
13
Let o = -8 - -13. Let k = 12 - o. List the prime factors of k.
7
Suppose -m + 5*m = 0. Suppose 0 = -m*a - a. Suppose a = -2*l - 2*l - 5*d + 28, l = 4*d - 14. What are the prime factors of l?
2
Suppose -4 = -5*z + 1. Let u = z - 1. List the prime factors of 9 + u + 0/1.
3
Let i(s) = 14*s - 6. List the prime factors of i(11).
2, 37
Let q be (94/(-6))/((-2)/6). Let v be -31 + 0 + 2/1. Let r = v + q. List the prime factors of r.
2, 3
Suppose 4*a = 4*p - 156, -50 - 38 = -2*p + 4*a. Let v = -13 + p. List the prime factors of v.
3, 7
Suppose -7*y + 4*y = 0. Suppose y = 4*o - 3 - 5, 82 = 4*k + o. What are the prime factors of k?
2, 5
Suppose -5*a + 855 = -0*a. What are the prime factors of a?
3, 19
Let a = 27 - -134. List the prime factors of a.
7, 23
Suppose l + 4 = 3*k, 5*k - l + 3 = 7. Suppose k = 5*j - 10*j + 75. What are the prime factors of j?
3, 5
Let m be -2*(1 + -4) - 3. What are the prime factors of (-1 - 0/m) + 3?
2
Suppose 0 = -2*a + 3*s + 28, 5*a + s = -2*s + 28. List the prime factors of a.
2
Let w = 289 + -141. What are the prime factors of w?
2, 37
Let f = 133 - 80. List the prime factors of f.
53
Let k = 109 - 61. List the prime factors of k.
2, 3
Let m = 11 - -23. List the prime factors of m.
2, 17
Suppose 40 = -0*r + 4*r. Let s = 25 - r. What are the prime factors of s?
3, 5
Let l = 11 + -5. What are the prime factors of l?
2, 3
Let q(m) = -m**2 - 5*m - 2. Let x be q(-4). Let b be (-5)/x*(6 - 0). Let s = b - -21. List the prime factors of s.
2, 3
Let b(m) = 2*m**3 + 7*m**2 - 9*m + 4. Let f be b(-7). Let d be f/10 - 10/25. What are the prime factors of (-25)/(-2)*d/(-35)?
2, 5
Let k(g) = g**3 - 8*g**2 - 6*g + 1. Let w be (45/(-10))/(2/(-4)). What are the prime factors of k(w)?
2, 7
Let o(a) = -a**2 + 2*a + 7. Let t be o(5). Let p = -2 - t. List the prime factors of (-15)/(-2)*4/p.
5
Suppose 2*g = -0*g + 60. Let y be (19/7)/1 + 34/119. Suppose -5*r = -2*c + g, -7*r - 15 = -c - y*r. What are the prime factors of c?
3, 5
What are the prime factors of ((-1)/2)/(-1 + 1074/1080)?
2, 3, 5
Let w = -1 - -41. Let j = w + -24. List the prime factors of j.
2
Let d = 20 + 25. What are the prime factors of d?
3, 5
Let p(i) = -i - 3. Let d be p(-4). Suppose d = -2*k + k. Let o = 6 - k. What are the prime factors of o?
7
Let t be (-10 + 0)/((-1)/2). Suppose 2*l - 2*a = t, 0 = a + 9 - 4. List the prime factors of l.
5
Let o(c) be the first derivative of c**2 - c - 2. List the prime factors of o(3).
5
Let h = -12 - -10. List the prime factors of (-5 - h) + 7*2.
11
Suppose 14 + 54 = -4*x. Let v = x + 32. What are the prime factors of v?
3, 5
Let f = -6 + 10. Suppose j = 1 + f. Suppose -17 + j = -4*x. List the prime factors of x.
3
Let a(h) = 5*h - 7. What are the prime factors of a(7)?
2, 7
Let u(m) = -m**2 - 10*m - 1. Let d = 3 - 12. What are the prime factors of u(d)?
2
Suppose 0 = -z - 3*z + 256. Let b = z + -40. What are the prime factors of 9/4*b/9?
2, 3
Let g = 129 + -77. List the prime factors of g.
2, 13
Suppose -3171 = -19*f + 12*f. List the prime factors of f.
3, 151
Suppose 3*d - t - 346 - 33 = 0, 625 = 5*d + 5*t. List the prime factors of d.
2, 3, 7
Let n(g) = g**3 - 5*g**2 - 5*g + 4. Let q be n(6). List the prime factors of (-20)/3*(-36)/q.
2, 3
Let f be ((-5)/2)/(5/(-10)). Let z = 2 + f. List the prime factors of z.
7
Suppose -5*s + 3*s = 154. Let p = s + 114. List the prime factors of p.
37
Suppose -154 + 542 = 4*y. List the prime factors of y.
97
Suppose i = u - 0*i - 27, -3*u - 2*i + 71 = 0. Suppose -u = -3*x - k - 2, -5*x + 2*k = -20. Suppose -r - r = -x. What are the prime factors of r?
3
List the prime factors of 60 - (-3)/(-2)*(-80)/(-60).
2, 29
Suppose -28 = 5*a + 2. Suppose -4 = -3*s - 13. Let k = s - a. What are the prime factors of k?
3
Let v = 3 - 1. Suppose v*b + 2 - 1 = -5*m, -m = 3*b - 18. What are the prime factors of b?
7
Let y = 0 - -10. List the prime factors of 7/2 + 5/y.
2
Suppose 6*d - 39 - 51 = 0. What are the prime factors of d?
3, 5
Let l = -3 - -9. What are the prime factors of (-24)/4*(-8)/l?
2
Let c(x) = x**3 - 5*x**2 - 4. Let f be c(5). Let z = f - -6. Let d(g) = 4*g - 3. What are the prime factors of d(z)?
5
Let i be 3/((-9)/6)*-1. Suppose 4*o = i*o + 18. List the prime factors of o.
3
Let t = -18 + 25. Suppose -4*c - 129 = -t*c. What are the prime factors of c?
43
Suppose f = 4*f - 39. Let k(r) = 2*r**2 - r. Let i be k(2). Suppose -3*x - 4*l + f = 0, l - 4*l - i = 0. What are the prime factors of x?
7
Let x(o) = -o**3 - 9*o**2 - o - 11. Let k be x(-9). List the prime factors of k/(-4) + 164/8.
3, 7
What are the prime factors of 16/(-24) + 131/3?
43
Suppose -4*m - 5*g = 277, -4*g = -m - 3*m - 304. Let q = -34 - m. List the prime factors of q.
3, 13
Suppose -5*q - 3 = -2*q + s, 5*q = -s - 3. Let i = 46 + -32. Suppose 0*u - u + i = q. What are the prime factors of u?
2, 7
Let q = -54 - -79. What are the prime factors of q?
5
Let l(b) = b + 2. Let x be l(-2). Suppose x = -0*z - 4*z. Suppose 2*n - 8 = -z*n. List the prime factors of n.
2
Let v(n) = 2*n + 16. Let w be v(-11). Let b = w - -11. List the prime factors of b.
5
Suppose 0 = 4*h + 114 + 174. Let a(r) = -2*r**3 - 3*r**2 - 3*r - 3. Let g be a(-2). List the prime factors of g*-1*h/28.
2, 3
Let q be ((-27)/(-6))/(2/32). Suppose 7 = -i + q. Supp